{"id":12200,"date":"2025-12-02T22:14:11","date_gmt":"2025-12-03T03:14:11","guid":{"rendered":"https:\/\/patrimoinepotton.org\/?page_id=12200"},"modified":"2026-01-24T08:54:30","modified_gmt":"2026-01-24T13:54:30","slug":"hiver-2026-excursions-en-raquette","status":"publish","type":"page","link":"https:\/\/patrimoinepotton.org\/?page_id=12200","title":{"rendered":"Hiver 2026 | Randonn\u00e9es en raquette"},"content":{"rendered":"\n<div class=\"wp-block-media-text is-stacked-on-mobile\"><figure class=\"wp-block-media-text__media\"><img loading=\"lazy\" decoding=\"async\" width=\"1024\" height=\"678\" src=\"https:\/\/patrimoinepotton.org\/blogue\/wp-content\/uploads\/2024\/01\/Excursion_Raquettes.jpg\" alt=\"\" class=\"wp-image-10545 size-full\" srcset=\"https:\/\/patrimoinepotton.org\/blogue\/wp-content\/uploads\/2024\/01\/Excursion_Raquettes.jpg 1024w, https:\/\/patrimoinepotton.org\/blogue\/wp-content\/uploads\/2024\/01\/Excursion_Raquettes-300x199.jpg 300w, https:\/\/patrimoinepotton.org\/blogue\/wp-content\/uploads\/2024\/01\/Excursion_Raquettes-768x509.jpg 768w\" sizes=\"auto, (max-width: 1024px) 100vw, 1024px\" \/><\/figure><div class=\"wp-block-media-text__content\">\n<ul class=\"wp-block-list\">\n<li>Frank Ruiz nous propose, \u00e0 nouveau, un programme de randonn\u00e9es en raquette.<\/li>\n\n\n\n<li>Veuillez r\u00e9server en suivant le lien <strong>RSVP<\/strong><br>pour transmettre un courriel \u00e0 <a href=\"mailto:francisco.ruiz38@gmail.com\">francisco.ruiz38@gmail.com<\/a><\/li>\n\n\n\n<li>Vous pouvez voir les parcours en suivant le lien <strong>Sentier<\/strong><\/li>\n<\/ul>\n<\/div><\/div>\n\n\n\n<div class=\"wp-block-buttons is-content-justification-center is-layout-flex wp-container-core-buttons-is-layout-a89b3969 wp-block-buttons-is-layout-flex\">\n<div class=\"wp-block-button is-style-fill\"><a class=\"wp-block-button__link wp-element-button\" href=\"https:\/\/patrimoinepotton.org\/blogue\/wp-content\/uploads\/2025\/12\/Excursions_Hiver_2026.pdf\" style=\"border-style:none;border-width:0px;border-radius:1px;padding-top:2px;padding-bottom:2px\">T\u00e9l\u00e9charger | Version pdf<\/a><\/div>\n\n\n\n<div class=\"wp-block-button\"><a class=\"wp-block-button__link wp-element-button\" href=\"https:\/\/patrimoinepotton.org\/?page_id=10139&amp;month=1&amp;yr=2026\" style=\"border-radius:1px;padding-top:2px;padding-bottom:2px\">Calendrier Janvier 2026<\/a><\/div>\n\n\n\n<div class=\"wp-block-button\"><a class=\"wp-block-button__link wp-element-button\" href=\"https:\/\/patrimoinepotton.org\/?page_id=10139&amp;month=2&amp;yr=2026\" style=\"border-radius:1px;padding-top:2px;padding-bottom:2px\">Calendrier F\u00e9vrier 2026<\/a><\/div>\n<\/div>\n\n\n\n<hr class=\"wp-block-separator has-alpha-channel-opacity is-style-wide\"\/>\n\n\n\n<p><strong>Samedi 10 janvier 2026, 10h | <\/strong><a href=\"https:\/\/patrimoinepotton.org\/?page_id=10139&amp;month=1&amp;yr=2026\">Sentier<\/a><strong> <\/strong><strong>|<\/strong><a href=\"mailto:francisco.ruiz38@gmail.com?subject=Excursion%2010%20Janvier\"> <\/a><a href=\"mailto:francisco.ruiz38@gmail.com?subject=Excursion%2010%20Janvier\">RSVP<\/a><\/p>\n\n\n\n<ul class=\"wp-block-list\">\n<li>Randonn\u00e9e en raquette \u00e0 l\u2019Abbaye St-Benoit | Sentier de 2 km.<\/li>\n\n\n\n<li>Rendez-vous au stationnement.<\/li>\n<\/ul>\n\n\n\n<p><strong>Samedi 17 janvier 2026, 10h | <\/strong><a href=\"https:\/\/patrimoinepotton.org\/?page_id=10139&amp;month=1&amp;yr=2026\">Sentier<\/a><strong> <\/strong><strong>| <\/strong><a href=\"mailto:francisco.ruiz38@gmail.com?subject=Excursion%2017%20Janvier\">RSVP<\/a><\/p>\n\n\n\n<ul class=\"wp-block-list\">\n<li>Randonn\u00e9e en raquette \u00e0 Bolton | Sentier de 2 km.<\/li>\n\n\n\n<li>Rendez-vous au Parc Therrio \u00e0 Bolton Centre.<\/li>\n<\/ul>\n\n\n\n<p><br><strong><s>Samedi 24 janvier 2026, 10h | <\/s><\/strong><a href=\"https:\/\/patrimoinepotton.org\/?page_id=10139&amp;month=1&amp;yr=2026\"><s>Sentier<\/s><\/a><strong><s>| <\/s><\/strong><a href=\"mailto:francisco.ruiz38@gmail.com?subject=Excursion%2024%20Janvier\"><s>RSVP<\/s><\/a><\/p>\n\n\n\n<ul class=\"wp-block-list\">\n<li><s>Randonn\u00e9e en raquette \u00e0 la Fiducie Ruiter | Sentier de 3 km.<\/s><\/li>\n\n\n\n<li><s>Rendez-vous au stationnement No 1 | Chemin Ruiter Brook<\/s>.<\/li>\n<\/ul>\n\n\n\n<p><br><strong>Samedi 31 janvier 2026, 10h | <\/strong><a href=\"mailto:francisco.ruiz38@gmail.com?subject=Excursion%2031%20Janvier\">RSVP<\/a><\/p>\n\n\n\n<ul class=\"wp-block-list\">\n<li>Randonn\u00e9e en raquette chez Martin et Sylvie | Sentier de 2 km.<\/li>\n\n\n\n<li>Rendez-vous au 259, Province Hill.<\/li>\n<\/ul>\n\n\n\n<p><strong><s>Samedi 7<\/s> Dimanche 8 f\u00e9vrier 2026, 10h | <\/strong><a href=\"https:\/\/patrimoinepotton.org\/?page_id=10139&amp;month=1&amp;yr=2026\">Sentier<\/a><strong>| <\/strong><a href=\"mailto:francisco.ruiz38@gmail.com?subject=Excursion%207%20F\u00e9vrier\">RSVP<\/a><\/p>\n\n\n\n<ul class=\"wp-block-list\">\n<li>Randonn\u00e9e en raquette \u00e0 Owl&rsquo;s Head | Sentier de 3 km.<\/li>\n\n\n\n<li>Rendez-vous : Stationnement de Owl&rsquo;s Head.<\/li>\n<\/ul>\n\n\n\n<p><strong><br><\/strong><strong>Samedi 14 f\u00e9vrier 2026, 10h | <\/strong><a href=\"https:\/\/patrimoinepotton.org\/?page_id=10139&amp;month=1&amp;yr=2026\">Sentier<\/a><strong> <\/strong><strong> <\/strong><a href=\"mailto:francisco.ruiz38@gmail.com?subject=Excursion%2014%20F\u00e9vrier\">RSVP<\/a><\/p>\n\n\n\n<ul class=\"wp-block-list\">\n<li>Randonn\u00e9e en raquette \u00e0 Eastman | Sentier de 3 km.<\/li>\n\n\n\n<li>Rendez-vous : rue des Pins, Eastman.<\/li>\n<\/ul>\n\n\n\n<p><br><strong>Samedi 21 f\u00e9vrier 2026, 10h30 | <\/strong><a href=\"mailto:francisco.ruiz38@gmail.com?subject=Excursion%2021%20F\u00e9vrier\">RSVP<\/a><\/p>\n\n\n\n<ul class=\"wp-block-list\">\n<li>Randonn\u00e9e en raquette chez B\u00e9atrice et Karsten | Sentier de 2 km.<\/li>\n\n\n\n<li>Rendez-vous au 418, Leadville.<\/li>\n<\/ul>\n\n\n\n<p><em>Lunch \u00e0 12h<br>Chez B\u00e9atrice et Karsten au 418, Leadville<br>Max. 18 personnes | Co\u00fbt 12$<\/em><\/p>\n\n\n\n<p><br><strong>Samedi 28 f\u00e9vrier 2026, 9h | <\/strong><a href=\"https:\/\/patrimoinepotton.org\/?page_id=10139&amp;month=1&amp;yr=2026\">Sentier<\/a><strong> <\/strong><strong>| <\/strong><a href=\"mailto:francisco.ruiz38@gmail.com?subject=Excursion%2028%20F\u00e9vrier\">RSVP<\/a><\/p>\n\n\n\n<ul class=\"wp-block-list\">\n<li>Randonn\u00e9e en raquette au mont Foster | Sentier de 4 km.<\/li>\n\n\n\n<li>Rendez-vous : Parc Therrio, Bolton Centre.<\/li>\n\n\n\n<li>Covoiturage vers le mont Foster (15 min.).<\/li>\n<\/ul>\n\n\n\n<p><em>Buffet Equinoxe \u00e0 12h30 | Subventionn\u00e9 par l\u2019APPHA<br>Max. 20 personnes ! Co\u00fbt 5$<\/em><\/p>\n","protected":false},"excerpt":{"rendered":"<p>Samedi 10 janvier 2026, 10h | Sentier | RSVP Samedi 17 janvier 2026, 10h | Sentier | RSVP Samedi 24 janvier 2026, 10h | Sentier| RSVP Samedi 31 janvier 2026, 10h | RSVP Samedi 7 Dimanche 8 f\u00e9vrier 2026, 10h | Sentier| RSVP Samedi 14 f\u00e9vrier 2026, 10h | Sentier RSVP Samedi 21 f\u00e9vrier 2026, [&hellip;]<\/p>\n","protected":false},"author":5,"featured_media":0,"parent":0,"menu_order":0,"comment_status":"closed","ping_status":"closed","template":"","meta":{"ngg_post_thumbnail":0,"_mc_calendar":[],"footnotes":""},"class_list":["post-12200","page","type-page","status-publish","hentry"],"_links":{"self":[{"href":"https:\/\/patrimoinepotton.org\/index.php?rest_route=\/wp\/v2\/pages\/12200","targetHints":{"allow":["GET"]}}],"collection":[{"href":"https:\/\/patrimoinepotton.org\/index.php?rest_route=\/wp\/v2\/pages"}],"about":[{"href":"https:\/\/patrimoinepotton.org\/index.php?rest_route=\/wp\/v2\/types\/page"}],"author":[{"embeddable":true,"href":"https:\/\/patrimoinepotton.org\/index.php?rest_route=\/wp\/v2\/users\/5"}],"replies":[{"embeddable":true,"href":"https:\/\/patrimoinepotton.org\/index.php?rest_route=%2Fwp%2Fv2%2Fcomments&post=12200"}],"version-history":[{"count":11,"href":"https:\/\/patrimoinepotton.org\/index.php?rest_route=\/wp\/v2\/pages\/12200\/revisions"}],"predecessor-version":[{"id":12243,"href":"https:\/\/patrimoinepotton.org\/index.php?rest_route=\/wp\/v2\/pages\/12200\/revisions\/12243"}],"wp:attachment":[{"href":"https:\/\/patrimoinepotton.org\/index.php?rest_route=%2Fwp%2Fv2%2Fmedia&parent=12200"}],"curies":[{"name":"wp","href":"https:\/\/api.w.org\/{rel}","templated":true}]}}