{"id":2426,"date":"2013-12-02T05:44:15","date_gmt":"2013-12-02T10:44:15","guid":{"rendered":"http:\/\/patrimoinepotton.org\/?page_id=2426"},"modified":"2023-04-12T20:30:12","modified_gmt":"2023-04-13T00:30:12","slug":"histoire-potton-history-volume-1-numero-2","status":"publish","type":"page","link":"https:\/\/patrimoinepotton.org\/?page_id=2426","title":{"rendered":"Histoire Potton History Volume 1 Num\u00e9ro 2"},"content":{"rendered":"<p style=\"text-align: center;\">La version imprim\u00e9e est \u00e9puis\u00e9e.<br \/>\nUne version num\u00e9ris\u00e9e peut \u00eatre t\u00e9l\u00e9charg\u00e9e en cliquant sur le lien suivant :<\/p>\n<p style=\"text-align: center;\"><img decoding=\"async\" src=\"https:\/\/patrimoinepotton.org\/blogue\/wp-content\/plugins\/wp-downloadmanager\/images\/ext\/pdf.gif\" alt=\"\" title=\"\" style=\"vertical-align: upper\" \/>&nbsp;&nbsp;<a href=\"https:\/\/patrimoinepotton.org\/?dl_id=2\">Histoire Potton History Vol 1 No 2 Automne 2013<\/a>&nbsp;&nbsp;<span style=\"font-size: x-small\">{2,6 Mo}<\/span><\/p>\n<p style=\"text-align: center;\"><strong><a href=\"https:\/\/patrimoinepotton.org\/blogue\/wp-content\/uploads\/2013\/12\/Revue_1_2.jpg\"><img loading=\"lazy\" decoding=\"async\" class=\"alignnone size-full wp-image-2423\" src=\"https:\/\/patrimoinepotton.org\/blogue\/wp-content\/uploads\/2013\/12\/Revue_1_2.jpg\" alt=\"Revue_1_2\" width=\"516\" height=\"663\" srcset=\"https:\/\/patrimoinepotton.org\/blogue\/wp-content\/uploads\/2013\/12\/Revue_1_2.jpg 516w, https:\/\/patrimoinepotton.org\/blogue\/wp-content\/uploads\/2013\/12\/Revue_1_2-233x300.jpg 233w\" sizes=\"auto, (max-width: 516px) 100vw, 516px\" \/><\/a><\/strong><\/p>\n<p style=\"text-align: center;\"><a href=\"https:\/\/patrimoinepotton.org\/blogue\/wp-content\/uploads\/2015\/03\/HPH_1_2_Sommaire.jpg\"><img loading=\"lazy\" decoding=\"async\" class=\"aligncenter size-large wp-image-3508\" src=\"https:\/\/patrimoinepotton.org\/blogue\/wp-content\/uploads\/2015\/03\/HPH_1_2_Sommaire-869x1024.jpg\" alt=\"HPH_1_2_Sommaire\" width=\"640\" height=\"754\" srcset=\"https:\/\/patrimoinepotton.org\/blogue\/wp-content\/uploads\/2015\/03\/HPH_1_2_Sommaire-869x1024.jpg 869w, https:\/\/patrimoinepotton.org\/blogue\/wp-content\/uploads\/2015\/03\/HPH_1_2_Sommaire-254x300.jpg 254w\" sizes=\"auto, (max-width: 640px) 100vw, 640px\" \/><\/a><\/p>\n","protected":false},"excerpt":{"rendered":"<p>La version imprim\u00e9e est \u00e9puis\u00e9e. Une version num\u00e9ris\u00e9e peut \u00eatre t\u00e9l\u00e9charg\u00e9e en cliquant sur le lien suivant :<\/p>\n","protected":false},"author":5,"featured_media":0,"parent":2430,"menu_order":13,"comment_status":"closed","ping_status":"closed","template":"","meta":{"ngg_post_thumbnail":0,"_mc_calendar":[],"footnotes":""},"class_list":["post-2426","page","type-page","status-publish","hentry"],"_links":{"self":[{"href":"https:\/\/patrimoinepotton.org\/index.php?rest_route=\/wp\/v2\/pages\/2426","targetHints":{"allow":["GET"]}}],"collection":[{"href":"https:\/\/patrimoinepotton.org\/index.php?rest_route=\/wp\/v2\/pages"}],"about":[{"href":"https:\/\/patrimoinepotton.org\/index.php?rest_route=\/wp\/v2\/types\/page"}],"author":[{"embeddable":true,"href":"https:\/\/patrimoinepotton.org\/index.php?rest_route=\/wp\/v2\/users\/5"}],"replies":[{"embeddable":true,"href":"https:\/\/patrimoinepotton.org\/index.php?rest_route=%2Fwp%2Fv2%2Fcomments&post=2426"}],"version-history":[{"count":0,"href":"https:\/\/patrimoinepotton.org\/index.php?rest_route=\/wp\/v2\/pages\/2426\/revisions"}],"up":[{"embeddable":true,"href":"https:\/\/patrimoinepotton.org\/index.php?rest_route=\/wp\/v2\/pages\/2430"}],"wp:attachment":[{"href":"https:\/\/patrimoinepotton.org\/index.php?rest_route=%2Fwp%2Fv2%2Fmedia&parent=2426"}],"curies":[{"name":"wp","href":"https:\/\/api.w.org\/{rel}","templated":true}]}}