{"id":2430,"date":"2018-03-27T08:00:24","date_gmt":"2018-03-27T12:00:24","guid":{"rendered":"http:\/\/patrimoinepotton.org\/?page_id=2430"},"modified":"2023-08-25T16:16:38","modified_gmt":"2023-08-25T20:16:38","slug":"histoire-potton-history","status":"publish","type":"page","link":"https:\/\/patrimoinepotton.org\/?page_id=2430","title":{"rendered":"Histoire Potton History"},"content":{"rendered":"\n<p class=\"has-text-align-center\">La revue bilingue <em>Histoire Potton History<\/em> est publi\u00e9e par<br>l&rsquo;Association du patrimoine de Potton.<\/p>\n\n\n\n<p class=\"has-text-align-center\" style=\"font-style:normal;font-weight:600\">Visitez la Biblioth\u00e8que num\u00e9rique pour obtenir des tir\u00e9s \u00e0 part.<\/p>\n\n\n\n<figure class=\"wp-block-image aligncenter\"><a href=\"https:\/\/patrimoinepotton.org\/appnum\/s\/HPH\"><img loading=\"lazy\" decoding=\"async\" width=\"1024\" height=\"273\" src=\"https:\/\/patrimoinepotton.org\/blogue\/wp-content\/uploads\/2019\/10\/R_HPH-1024x273.jpg\" alt=\"\" class=\"wp-image-7880\" srcset=\"https:\/\/patrimoinepotton.org\/blogue\/wp-content\/uploads\/2019\/10\/R_HPH.jpg 1024w, https:\/\/patrimoinepotton.org\/blogue\/wp-content\/uploads\/2019\/10\/R_HPH-300x80.jpg 300w, https:\/\/patrimoinepotton.org\/blogue\/wp-content\/uploads\/2019\/10\/R_HPH-768x205.jpg 768w\" sizes=\"auto, (max-width: 1024px) 100vw, 1024px\" \/><\/a><figcaption class=\"wp-element-caption\"><em>Cliquez sur l&rsquo;image pour acc\u00e9der au site.<\/em><\/figcaption><\/figure>\n\n\n\n<hr class=\"wp-block-separator has-alpha-channel-opacity is-style-wide\"\/>\n\n\n\n<p class=\"has-text-align-center\" style=\"font-style:normal;font-weight:600\">T\u00e9l\u00e9chargez les num\u00e9ros complets en suivant les liens ci-dessous:<\/p>\n\n\n\n<ul class=\"wp-block-list\">\n<li><a href=\"https:\/\/patrimoinepotton.org\/?page_id=8636\">Vol 8 &#8211; No 1 &#8211; Automne 2021<\/a>&nbsp;&nbsp;&nbsp;| Sp\u00e9cial 30e anniversaire<\/li>\n\n\n\n<li><a href=\"https:\/\/patrimoinepotton.org\/?page_id=8209\">Vol 7 &#8211; No 1 &#8211; Printemps 2020<\/a><\/li>\n\n\n\n<li><a href=\"https:\/\/patrimoinepotton.org\/?page_id=7008\">Vol 6 &#8211; No 2 &#8211; Automne 2018<\/a><\/li>\n\n\n\n<li><a href=\"https:\/\/patrimoinepotton.org\/?page_id=6487\">Vol 6 &#8211; No 1 &#8211; Printemps 2018<\/a><\/li>\n\n\n\n<li><a href=\"https:\/\/patrimoinepotton.org\/?page_id=5482\">Vol 5 &#8211; No 2 &#8211; Automne&nbsp;&nbsp; 2017<\/a><\/li>\n\n\n\n<li><a href=\"https:\/\/patrimoinepotton.org\/?page_id=5935\">Vol 5 &#8211; No 1 &#8211; Printemps&nbsp;2017<\/a><\/li>\n\n\n\n<li><a href=\"https:\/\/patrimoinepotton.org\/?page_id=4793\">Vol 4 &#8211; No 2 &#8211; Automne&nbsp;&nbsp;2016<\/a><\/li>\n\n\n\n<li><a href=\"https:\/\/patrimoinepotton.org\/?page_id=4140\">Vol 4 &#8211; No 1 &#8211; Printemps 2016<\/a><\/li>\n\n\n\n<li><a href=\"https:\/\/patrimoinepotton.org\/?page_id=3798\">Vol 3 &#8211; No 3 &#8211; Automne&nbsp;&nbsp;2015<\/a>&nbsp;&nbsp;&nbsp;| Hors-s\u00e9rie &#8211; Franc-ma\u00e7onnerie<\/li>\n\n\n\n<li><a href=\"https:\/\/patrimoinepotton.org\/?page_id=3520\">Vol 3 &#8211; No 2 &#8211; Printemps 2015<\/a>  | Sp\u00e9cial 25<sup>e<\/sup><\/li>\n\n\n\n<li><a href=\"https:\/\/patrimoinepotton.org\/?page_id=3503\">Vol 3 &#8211; No 1 &#8211; Printemps 2015<\/a><\/li>\n\n\n\n<li><a href=\"https:\/\/patrimoinepotton.org\/?page_id=2729\">Vol 2 &#8211; No 2 &#8211; Automne&nbsp;&nbsp;2014<\/a><\/li>\n\n\n\n<li><a href=\"https:\/\/patrimoinepotton.org\/?page_id=2580\">Vol 2 &#8211; No 1 &#8211; Printemps 2014<\/a><\/li>\n\n\n\n<li><a href=\"https:\/\/patrimoinepotton.org\/?page_id=2426\">Vol 1 &#8211; No 2 &#8211; Automne&nbsp;&nbsp;2013<\/a><\/li>\n\n\n\n<li><a href=\"https:\/\/patrimoinepotton.org\/?page_id=2424\">Vol 1 &#8211; No 1 &#8211;&nbsp;Printemps 2013<\/a><\/li>\n<\/ul>\n\n\n\n<p>Prix \u00e0 l&rsquo;unit\u00e9 de l&rsquo;\u00e9dition imprim\u00e9e : 15 $<br>Abonnement : <a href=\"mailto:info@patrimoinepotton.org\">info@patrimoinepotton.org<\/a><\/p>\n\n\n\n<p>D\u00e9p\u00f4t l\u00e9gal<br>Biblioth\u00e8que et Archives nationales du Qu\u00e9bec<br>Biblioth\u00e8que et Archives Canada<br>N<sup>o<\/sup> ISSN 2291-8094 (Imprim\u00e9)<br>N<sup>o<\/sup> ISSN 2291-8108 (En ligne)<\/p>\n","protected":false},"excerpt":{"rendered":"<p>La revue bilingue Histoire Potton History est publi\u00e9e parl&rsquo;Association du patrimoine de Potton. Visitez la Biblioth\u00e8que num\u00e9rique pour obtenir des tir\u00e9s \u00e0 part. T\u00e9l\u00e9chargez les num\u00e9ros complets en suivant les liens ci-dessous: Prix \u00e0 l&rsquo;unit\u00e9 de l&rsquo;\u00e9dition imprim\u00e9e : 15 $Abonnement : info@patrimoinepotton.org D\u00e9p\u00f4t l\u00e9galBiblioth\u00e8que et Archives nationales du Qu\u00e9becBiblioth\u00e8que et Archives CanadaNo ISSN 2291-8094 [&hellip;]<\/p>\n","protected":false},"author":5,"featured_media":6620,"parent":427,"menu_order":1,"comment_status":"closed","ping_status":"closed","template":"","meta":{"ngg_post_thumbnail":0,"_mc_calendar":[],"footnotes":""},"class_list":["post-2430","page","type-page","status-publish","has-post-thumbnail","hentry"],"_links":{"self":[{"href":"https:\/\/patrimoinepotton.org\/index.php?rest_route=\/wp\/v2\/pages\/2430","targetHints":{"allow":["GET"]}}],"collection":[{"href":"https:\/\/patrimoinepotton.org\/index.php?rest_route=\/wp\/v2\/pages"}],"about":[{"href":"https:\/\/patrimoinepotton.org\/index.php?rest_route=\/wp\/v2\/types\/page"}],"author":[{"embeddable":true,"href":"https:\/\/patrimoinepotton.org\/index.php?rest_route=\/wp\/v2\/users\/5"}],"replies":[{"embeddable":true,"href":"https:\/\/patrimoinepotton.org\/index.php?rest_route=%2Fwp%2Fv2%2Fcomments&post=2430"}],"version-history":[{"count":0,"href":"https:\/\/patrimoinepotton.org\/index.php?rest_route=\/wp\/v2\/pages\/2430\/revisions"}],"up":[{"embeddable":true,"href":"https:\/\/patrimoinepotton.org\/index.php?rest_route=\/wp\/v2\/pages\/427"}],"wp:featuredmedia":[{"embeddable":true,"href":"https:\/\/patrimoinepotton.org\/index.php?rest_route=\/wp\/v2\/media\/6620"}],"wp:attachment":[{"href":"https:\/\/patrimoinepotton.org\/index.php?rest_route=%2Fwp%2Fv2%2Fmedia&parent=2430"}],"curies":[{"name":"wp","href":"https:\/\/api.w.org\/{rel}","templated":true}]}}