{"id":3091,"date":"2016-11-19T06:00:50","date_gmt":"2016-11-19T11:00:50","guid":{"rendered":"http:\/\/patrimoinepotton.org\/?page_id=3091"},"modified":"2024-11-21T07:52:37","modified_gmt":"2024-11-21T12:52:37","slug":"archives-diverses","status":"publish","type":"page","link":"https:\/\/patrimoinepotton.org\/?page_id=3091","title":{"rendered":"Archives diverses"},"content":{"rendered":"<p><strong>Les documents sont class\u00e9s par DATE de production (ordre chronologique d\u00e9croissant) <\/strong><\/p>\n<p style=\"padding-left: 15px;\">Association du patrimoine de Potton, 2023<br \/>\n<img decoding=\"async\" src=\"https:\/\/patrimoinepotton.org\/blogue\/wp-content\/plugins\/wp-downloadmanager\/images\/ext\/pdf.gif\" alt=\"\" title=\"\" style=\"vertical-align: upper\" \/>&nbsp;&nbsp;<a href=\"https:\/\/patrimoinepotton.org\/?dl_id=181\">Lettre d'appui | Classement du pont de la Fronti\u00e8re<\/a>&nbsp;&nbsp;<span style=\"font-size: x-small\">{430,9 Ko}<\/span><\/p>\n<p style=\"padding-left: 15px;\">NORMAND, SERGE, Association du patrimoine de Potton, 2021<br \/>\n<img decoding=\"async\" src=\"https:\/\/patrimoinepotton.org\/blogue\/wp-content\/plugins\/wp-downloadmanager\/images\/ext\/pdf.gif\" alt=\"\" title=\"\" style=\"vertical-align: upper\" \/>&nbsp;&nbsp;<a href=\"https:\/\/patrimoinepotton.org\/?dl_id=167\">Portfolio | Biblioth\u00e8que num\u00e9rique<\/a>&nbsp;&nbsp;<span style=\"font-size: x-small\">{1,4 Mo}<\/span><\/p>\n<p style=\"padding-left: 15px;\">ROUILLARD, LORRAINE, Association du patrimoine de Potton, 2021<br \/>\n<img decoding=\"async\" src=\"https:\/\/patrimoinepotton.org\/blogue\/wp-content\/plugins\/wp-downloadmanager\/images\/ext\/pdf.gif\" alt=\"\" title=\"\" style=\"vertical-align: upper\" \/>&nbsp;&nbsp;<a href=\"https:\/\/patrimoinepotton.org\/?dl_id=165\">Prix Action Patrimoine 2021 | Lettre d'appui<\/a>&nbsp;&nbsp;<span style=\"font-size: x-small\">{163,4 Ko}<\/span><\/p>\n<p style=\"padding-left: 15px;\">BERTRAND, J-L. ET ROBITAILLE, J. , GBMP, 2020<br \/>\n<img decoding=\"async\" src=\"https:\/\/patrimoinepotton.org\/blogue\/wp-content\/plugins\/wp-downloadmanager\/images\/ext\/pdf.gif\" alt=\"\" title=\"\" style=\"vertical-align: upper\" \/>&nbsp;&nbsp;<a href=\"https:\/\/patrimoinepotton.org\/?dl_id=166\">Grange ronde de Mansonville | Chronique 1912-2020<\/a>&nbsp;&nbsp;<span style=\"font-size: x-small\">{942,3 Ko}<\/span><\/p>\n<p style=\"padding-left: 15px;\">NORMAND, SERGE, Association du patrimoine de Potton, 2019<br \/>\n<img decoding=\"async\" src=\"https:\/\/patrimoinepotton.org\/blogue\/wp-content\/plugins\/wp-downloadmanager\/images\/ext\/pdf.gif\" alt=\"\" title=\"\" style=\"vertical-align: upper\" \/>&nbsp;&nbsp;<a href=\"https:\/\/patrimoinepotton.org\/?dl_id=148\">Biblioth\u00e8que num\u00e9rique | Bilan 2019<\/a>&nbsp;&nbsp;<span style=\"font-size: x-small\">{1,2 Mo}<\/span><\/p>\n<p style=\"padding-left: 15px;\">PAYETTE, MICHEL, Association du patrimoine de Potton, 2019<br \/>\n<img decoding=\"async\" src=\"https:\/\/patrimoinepotton.org\/blogue\/wp-content\/plugins\/wp-downloadmanager\/images\/ext\/pdf.gif\" alt=\"\" title=\"\" style=\"vertical-align: upper\" \/>&nbsp;&nbsp;<a href=\"https:\/\/patrimoinepotton.org\/?dl_id=173\">Orientations strat\u00e9giques 2020-2025<\/a>&nbsp;&nbsp;<span style=\"font-size: x-small\">{196,3 Ko}<\/span><\/p>\n<p style=\"padding-left: 15px;\">BERTRAND, JEAN-LOUIS, Association du patrimoine de Potton, 2016<br \/>\n<img decoding=\"async\" src=\"https:\/\/patrimoinepotton.org\/blogue\/wp-content\/plugins\/wp-downloadmanager\/images\/ext\/pdf.gif\" alt=\"\" title=\"\" style=\"vertical-align: upper\" \/>&nbsp;&nbsp;<a href=\"https:\/\/patrimoinepotton.org\/?dl_id=101\">Le patrimoine, son importance socio-\u00e9conomique<\/a>&nbsp;&nbsp;<span style=\"font-size: x-small\">{279,7 Ko}<\/span><\/p>\n<p style=\"padding-left: 15px;\">Comit\u00e9 de la grange ronde et GBMP, Avant-projet et Plan d&rsquo;affaires 2016 &#8211; Projet de restauration de la grange ronde de Mansonville, 2016<br \/>\n<img decoding=\"async\" src=\"https:\/\/patrimoinepotton.org\/blogue\/wp-content\/plugins\/wp-downloadmanager\/images\/ext\/pdf.gif\" alt=\"\" title=\"\" style=\"vertical-align: upper\" \/>&nbsp;&nbsp;<a href=\"https:\/\/patrimoinepotton.org\/?dl_id=96\">MCC Avant-projet et Plan d'affaire 2016<\/a>&nbsp;&nbsp;<span style=\"font-size: x-small\">{543,5 Ko}<\/span><\/p>\n<p style=\"padding-left: 15px;\">Comit\u00e9 de la grange ronde et GBMP,&nbsp; Demande d&rsquo;aide financi\u00e8re d\u00e9pos\u00e9 au MCC pour le projet de restauration de la grange ronde de Mansonville, 2016<br \/>\n<img decoding=\"async\" src=\"https:\/\/patrimoinepotton.org\/blogue\/wp-content\/plugins\/wp-downloadmanager\/images\/ext\/pdf.gif\" alt=\"\" title=\"\" style=\"vertical-align: upper\" \/>&nbsp;&nbsp;<a href=\"https:\/\/patrimoinepotton.org\/?dl_id=97\">MCC - Demande d'aide financi\u00e8re 2016<\/a>&nbsp;&nbsp;<span style=\"font-size: x-small\">{22,7 Ko}<\/span><\/p>\n<p style=\"padding-left: 15px;\">Comit\u00e9 de la grange ronde, Pr\u00e9sentation au Conseil municipal de Potton pour appuyer<br \/>\nune demande d\u2019aide financi\u00e8re au minist\u00e8re de la Culture et des Communications du Qu\u00e9bec<br \/>\npour la restauration de la grange ronde de Mansonville, 2016<br \/>\n<img decoding=\"async\" src=\"https:\/\/patrimoinepotton.org\/blogue\/wp-content\/plugins\/wp-downloadmanager\/images\/ext\/pdf.gif\" alt=\"\" title=\"\" style=\"vertical-align: upper\" \/>&nbsp;&nbsp;<a href=\"https:\/\/patrimoinepotton.org\/?dl_id=92\">Grange ronde - Demande au MCC - 2016<\/a>&nbsp;&nbsp;<span style=\"font-size: x-small\">{111,5 Ko}<\/span><\/p>\n<p style=\"padding-left: 15px;\">50<sup>e<\/sup> anniversaire de la station Owl&rsquo;s Head, 2016<br \/>\n<img decoding=\"async\" src=\"https:\/\/patrimoinepotton.org\/blogue\/wp-content\/plugins\/wp-downloadmanager\/images\/ext\/pdf.gif\" alt=\"\" title=\"\" style=\"vertical-align: upper\" \/>&nbsp;&nbsp;<a href=\"https:\/\/patrimoinepotton.org\/?dl_id=71\">Owl's Head - Brochure 50 ans<\/a>&nbsp;&nbsp;<span style=\"font-size: x-small\">{4,1 Mo}<\/span><\/p>\n<p style=\"padding-left: 15px;\">Renouvellement de la politique culturelle de la MRC Memphr\u00e9magog.<br \/>\n<img decoding=\"async\" src=\"https:\/\/patrimoinepotton.org\/blogue\/wp-content\/plugins\/wp-downloadmanager\/images\/ext\/pdf.gif\" alt=\"\" title=\"\" style=\"vertical-align: upper\" \/>&nbsp;&nbsp;<a href=\"https:\/\/patrimoinepotton.org\/?dl_id=65\">Politique culturelle de la MRC Memphr\u00e9magog - Novembre 2015<\/a>&nbsp;&nbsp;<span style=\"font-size: x-small\">{781,4 Ko}<\/span><\/p>\n<p style=\"padding-left: 15px;\">Transport Qu\u00e9bec | TETRA TECH, 2015. Fiche de relev\u00e9 des ponts couverts.<br \/>\n<img decoding=\"async\" src=\"https:\/\/patrimoinepotton.org\/blogue\/wp-content\/plugins\/wp-downloadmanager\/images\/ext\/pdf.gif\" alt=\"\" title=\"\" style=\"vertical-align: upper\" \/>&nbsp;&nbsp;<a href=\"https:\/\/patrimoinepotton.org\/?dl_id=190\">Fiche Pont de la Fronti\u00e8re<\/a>&nbsp;&nbsp;<span style=\"font-size: x-small\">{1,1 Mo}<\/span><\/p>\n<p style=\"padding-left: 15px;\">Association du patrimoine de Potton, 2015. R\u00e9action de l&rsquo;Association concernant le projet de tour pour le r\u00e9seau de t\u00e9l\u00e9communication, chemin de l\u2019\u00c9tang Sugar Loaf.<br \/>\n<img decoding=\"async\" src=\"https:\/\/patrimoinepotton.org\/blogue\/wp-content\/plugins\/wp-downloadmanager\/images\/ext\/pdf.gif\" alt=\"\" title=\"\" style=\"vertical-align: upper\" \/>&nbsp;&nbsp;<a href=\"https:\/\/patrimoinepotton.org\/?dl_id=50\">Tour de t\u00e9l\u00e9communication, chemin de l\u2019\u00c9tang Sugar Loaf<\/a>&nbsp;&nbsp;<span style=\"font-size: x-small\">{327,1 Ko}<\/span><\/p>\n<p style=\"padding-left: 15px;\">LEDUC, G\u00c9RARD et DELORME, S., Sites arch\u00e9ologiques au parc national du Mont-Orford, 2015<br \/>\n<img decoding=\"async\" src=\"https:\/\/patrimoinepotton.org\/blogue\/wp-content\/plugins\/wp-downloadmanager\/images\/ext\/pdf.gif\" alt=\"\" title=\"\" style=\"vertical-align: upper\" \/>&nbsp;&nbsp;<a href=\"https:\/\/patrimoinepotton.org\/?dl_id=60\">Sites arch\u00e9ologiques au parc national du Mont-Orford<\/a>&nbsp;&nbsp;<span style=\"font-size: x-small\">{627,9 Ko}<\/span><\/p>\n<p style=\"padding-left: 15px;\">POISSON, J. ET GRATTON, L. 2014. Plan directeur de la r\u00e9serve naturelle des Montagnes-Vertes. Conservation de la Nature. 48 p.<br \/>\n<img decoding=\"async\" style=\"vertical-align: middle;\" title=\"\" src=\"https:\/\/patrimoinepotton.org\/biblioapp\/web_16.gif\" alt=\"\">&nbsp;&nbsp;<a href=\"https:\/\/support.natureconservancy.ca\/qc\/plandirecteur2014\/RNMV_2014-2019.html\">Afficher sur le Web<\/a><\/p>\n<p style=\"padding-left: 15px;\">DAGUET, C. ET SICOTTE, M. 2013. Validation, caract\u00e9risation et cartographie des principaux milieux humides de la municipalit\u00e9 du Canton de Potton.<br \/>\nCorridor appalachien. 38 p. + annexes<br \/>\n<img decoding=\"async\" src=\"https:\/\/patrimoinepotton.org\/blogue\/wp-content\/plugins\/wp-downloadmanager\/images\/ext\/pdf.gif\" alt=\"\" title=\"\" style=\"vertical-align: upper\" \/>&nbsp;&nbsp;<a href=\"https:\/\/patrimoinepotton.org\/?dl_id=44\">Document source<\/a>&nbsp;&nbsp;<span style=\"font-size: x-small\">{11,3 Mo}<\/span><\/p>\n<p style=\"padding-left: 15px;\">Comit\u00e9 culturel et patrimonial de Potton, Sondage sur les besoins et les souhaits dans les domaines de la culture et du patrimoine, 2011<br \/>\n<img decoding=\"async\" style=\"vertical-align: middle;\" src=\"https:\/\/patrimoinepotton.org\/biblioapp\/web_16.gif\" alt=\"\">&nbsp;&nbsp;<a href=\"https:\/\/patrimoinepotton.org\/?page_id=1479\">Afficher sur le Web<\/a><\/p>\n<p style=\"padding-left: 15px;\">FIVE URBAN PLANNING, Community plan, 2011<br \/>\n<img decoding=\"async\" src=\"https:\/\/patrimoinepotton.org\/blogue\/wp-content\/plugins\/wp-downloadmanager\/images\/ext\/pdf.gif\" alt=\"\" title=\"\" style=\"vertical-align: upper\" \/>&nbsp;&nbsp;<a href=\"https:\/\/patrimoinepotton.org\/?dl_id=100\">Imaginons Mansonville - A fifteen year vision<\/a>&nbsp;&nbsp;<span style=\"font-size: x-small\">{1,1 Mo}<\/span><\/p>\n<p style=\"padding-left: 15px;\">MUNICIPALIT\u00c9 DU CANTON DE POTTON, 2011<br \/>\n<img decoding=\"async\" src=\"https:\/\/patrimoinepotton.org\/blogue\/wp-content\/plugins\/wp-downloadmanager\/images\/ext\/pdf.gif\" alt=\"\" title=\"\" style=\"vertical-align: upper\" \/>&nbsp;&nbsp;<a href=\"https:\/\/patrimoinepotton.org\/?dl_id=98\">Plan de d\u00e9veloppement touristique de la Municipalit\u00e9 du Canton de Potton - 2011<\/a>&nbsp;&nbsp;<span style=\"font-size: x-small\">{2,0 Mo}<\/span><\/p>\n<p style=\"padding-left: 15px;\">Avant-projet Politique pour le patrimoine b\u00e2ti, paysager et arch\u00e9ologique du Canton de Potton &#8211; 21 Octobre 2011<br \/>\n<img decoding=\"async\" src=\"https:\/\/patrimoinepotton.org\/blogue\/wp-content\/plugins\/wp-downloadmanager\/images\/ext\/pdf.gif\" alt=\"\" title=\"\" style=\"vertical-align: upper\" \/>&nbsp;&nbsp;<a href=\"https:\/\/patrimoinepotton.org\/?dl_id=43\">Document source<\/a>&nbsp;&nbsp;<span style=\"font-size: x-small\">{148,2 Ko}<\/span><\/p>\n<p style=\"padding-left: 15px;\">BLITZ, Plan d\u2019interpr\u00e9tation et de mise en valeur de la grange ronde de Mansonville, 2011<br \/>\n<img decoding=\"async\" src=\"https:\/\/patrimoinepotton.org\/blogue\/wp-content\/plugins\/wp-downloadmanager\/images\/ext\/pdf.gif\" alt=\"\" title=\"\" style=\"vertical-align: upper\" \/>&nbsp;&nbsp;<a href=\"https:\/\/patrimoinepotton.org\/?dl_id=47\">Document source<\/a>&nbsp;&nbsp;<span style=\"font-size: x-small\">{938,0 Ko}<\/span><\/p>\n<p style=\"padding-left: 15px;\">LEDUC, G\u00c9RARD, Nouveaux secrets de Potton Springs r\u00e9v\u00e9l\u00e9s, 2011<br \/>\n<img decoding=\"async\" style=\"vertical-align: middle;\" src=\"https:\/\/patrimoinepotton.org\/biblioapp\/web_16.gif\" alt=\"\">&nbsp;&nbsp;<a href=\"https:\/\/patrimoinepotton.org\/?page_id=891\">Afficher sur le Web<\/a><\/p>\n<p style=\"padding-left: 15px;\">NORMAND, SERGE, Diaporama, Association du patrimoine de Potton, 2010<br \/>\n<img decoding=\"async\" src=\"https:\/\/patrimoinepotton.org\/blogue\/wp-content\/plugins\/wp-downloadmanager\/images\/ext\/pdf.gif\" alt=\"\" title=\"\" style=\"vertical-align: upper\" \/>&nbsp;&nbsp;<a href=\"https:\/\/patrimoinepotton.org\/?dl_id=35\">Regards sur nos 20 ans, 2010<\/a>&nbsp;&nbsp;<span style=\"font-size: x-small\">{1,3 Mo}<\/span><\/p>\n<p style=\"padding-left: 15px;\">SOTAR, \u00c9tude visant \u00e0 introduire des outils d\u2019interpr\u00e9tation et de mise en valeur des ensembles architecturaux et paysagers de la MRC de Memphr\u00e9magog, 1986<br \/>\n<img decoding=\"async\" src=\"https:\/\/patrimoinepotton.org\/blogue\/wp-content\/plugins\/wp-downloadmanager\/images\/ext\/pdf.gif\" alt=\"\" title=\"\" style=\"vertical-align: upper\" \/>&nbsp;&nbsp;<a href=\"https:\/\/patrimoinepotton.org\/?dl_id=88\">Rapport SOTAR - 1986<\/a>&nbsp;&nbsp;<span style=\"font-size: x-small\">{367,7 Ko}<\/span><\/p>\n<p style=\"padding-left: 15px;\">GROUPE HARCART, Tableau synth\u00e8se du classement des \u00e9glises protestantes de la MRC de Memphr\u00e9magog, 1984<br \/>\n<img decoding=\"async\" src=\"https:\/\/patrimoinepotton.org\/blogue\/wp-content\/plugins\/wp-downloadmanager\/images\/ext\/pdf.gif\" alt=\"\" title=\"\" style=\"vertical-align: upper\" \/>&nbsp;&nbsp;<a href=\"https:\/\/patrimoinepotton.org\/?dl_id=89\">Classement monuments - \u00c9glises protestantes - 1984<\/a>&nbsp;&nbsp;<span style=\"font-size: x-small\">{430,9 Ko}<\/span><\/p>\n","protected":false},"excerpt":{"rendered":"<p>Les documents sont class\u00e9s par DATE de production (ordre chronologique d\u00e9croissant) Association du patrimoine de Potton, 2023 NORMAND, SERGE, Association du patrimoine de Potton, 2021 ROUILLARD, LORRAINE, Association du patrimoine de Potton, 2021 BERTRAND, J-L. ET ROBITAILLE, J. , GBMP, 2020 NORMAND, SERGE, Association du patrimoine de Potton, 2019 PAYETTE, MICHEL, Association du patrimoine de [&hellip;]<\/p>\n","protected":false},"author":5,"featured_media":0,"parent":3089,"menu_order":0,"comment_status":"closed","ping_status":"closed","template":"","meta":{"ngg_post_thumbnail":0,"_mc_calendar":[],"footnotes":""},"class_list":["post-3091","page","type-page","status-publish","hentry"],"_links":{"self":[{"href":"https:\/\/patrimoinepotton.org\/index.php?rest_route=\/wp\/v2\/pages\/3091","targetHints":{"allow":["GET"]}}],"collection":[{"href":"https:\/\/patrimoinepotton.org\/index.php?rest_route=\/wp\/v2\/pages"}],"about":[{"href":"https:\/\/patrimoinepotton.org\/index.php?rest_route=\/wp\/v2\/types\/page"}],"author":[{"embeddable":true,"href":"https:\/\/patrimoinepotton.org\/index.php?rest_route=\/wp\/v2\/users\/5"}],"replies":[{"embeddable":true,"href":"https:\/\/patrimoinepotton.org\/index.php?rest_route=%2Fwp%2Fv2%2Fcomments&post=3091"}],"version-history":[{"count":0,"href":"https:\/\/patrimoinepotton.org\/index.php?rest_route=\/wp\/v2\/pages\/3091\/revisions"}],"up":[{"embeddable":true,"href":"https:\/\/patrimoinepotton.org\/index.php?rest_route=\/wp\/v2\/pages\/3089"}],"wp:attachment":[{"href":"https:\/\/patrimoinepotton.org\/index.php?rest_route=%2Fwp%2Fv2%2Fmedia&parent=3091"}],"curies":[{"name":"wp","href":"https:\/\/api.w.org\/{rel}","templated":true}]}}