{"id":3503,"date":"2015-03-01T10:00:51","date_gmt":"2015-03-01T15:00:51","guid":{"rendered":"http:\/\/patrimoinepotton.org\/?page_id=3503"},"modified":"2023-04-12T20:30:39","modified_gmt":"2023-04-13T00:30:39","slug":"histoire-potton-history-volume-3-numero-1-printemps-2015","status":"publish","type":"page","link":"https:\/\/patrimoinepotton.org\/?page_id=3503","title":{"rendered":"Histoire Potton History Volume 3 Num\u00e9ro 1"},"content":{"rendered":"<p style=\"text-align: center;\">La version imprim\u00e9e est \u00e9puis\u00e9e.<br \/>\nUne version num\u00e9ris\u00e9e peut \u00eatre t\u00e9l\u00e9charg\u00e9e en cliquant sur le lien suivant:<\/p>\n<p style=\"text-align: center;\"><img decoding=\"async\" src=\"https:\/\/patrimoinepotton.org\/blogue\/wp-content\/plugins\/wp-downloadmanager\/images\/ext\/pdf.gif\" alt=\"\" title=\"\" style=\"vertical-align: upper\" \/>&nbsp;&nbsp;<a href=\"https:\/\/patrimoinepotton.org\/?dl_id=74\">Histoire Potton History Vol 3 No 1 Printemps 2015<\/a>&nbsp;&nbsp;<span style=\"font-size: x-small\">{2,3 Mo}<\/span><\/p>\n<p><a href=\"https:\/\/patrimoinepotton.org\/blogue\/wp-content\/uploads\/2015\/03\/Revue_HPH_3_1_PRINTEMPS_2015-1.jpg\"><img loading=\"lazy\" decoding=\"async\" class=\"aligncenter size-large wp-image-3501\" src=\"https:\/\/patrimoinepotton.org\/blogue\/wp-content\/uploads\/2015\/03\/Revue_HPH_3_1_PRINTEMPS_2015-1-791x1024.jpg\" alt=\"Revue_HPH_3_1_PRINTEMPS_2015 1\" width=\"640\" height=\"829\" srcset=\"https:\/\/patrimoinepotton.org\/blogue\/wp-content\/uploads\/2015\/03\/Revue_HPH_3_1_PRINTEMPS_2015-1-791x1024.jpg 791w, https:\/\/patrimoinepotton.org\/blogue\/wp-content\/uploads\/2015\/03\/Revue_HPH_3_1_PRINTEMPS_2015-1-232x300.jpg 232w\" sizes=\"auto, (max-width: 640px) 100vw, 640px\" \/><\/a><\/p>\n<p><a href=\"https:\/\/patrimoinepotton.org\/blogue\/wp-content\/uploads\/2015\/03\/Revue_HPH_3_1_PRINTEMPS_2015-3-e1427374757758.jpg\"><img loading=\"lazy\" decoding=\"async\" class=\"aligncenter wp-image-3500 size-large\" src=\"https:\/\/patrimoinepotton.org\/blogue\/wp-content\/uploads\/2015\/03\/Revue_HPH_3_1_PRINTEMPS_2015-3-e1427374757758-905x1024.jpg\" alt=\"HPH 3-1 Printemps 2015\" width=\"640\" height=\"724\" srcset=\"https:\/\/patrimoinepotton.org\/blogue\/wp-content\/uploads\/2015\/03\/Revue_HPH_3_1_PRINTEMPS_2015-3-e1427374757758-905x1024.jpg 905w, https:\/\/patrimoinepotton.org\/blogue\/wp-content\/uploads\/2015\/03\/Revue_HPH_3_1_PRINTEMPS_2015-3-e1427374757758-265x300.jpg 265w\" sizes=\"auto, (max-width: 640px) 100vw, 640px\" \/><\/a><\/p>\n","protected":false},"excerpt":{"rendered":"<p>La version imprim\u00e9e est \u00e9puis\u00e9e. Une version num\u00e9ris\u00e9e peut \u00eatre t\u00e9l\u00e9charg\u00e9e en cliquant sur le lien suivant:<\/p>\n","protected":false},"author":5,"featured_media":0,"parent":2430,"menu_order":15,"comment_status":"closed","ping_status":"closed","template":"","meta":{"ngg_post_thumbnail":0,"_mc_calendar":[],"footnotes":""},"class_list":["post-3503","page","type-page","status-publish","hentry"],"_links":{"self":[{"href":"https:\/\/patrimoinepotton.org\/index.php?rest_route=\/wp\/v2\/pages\/3503","targetHints":{"allow":["GET"]}}],"collection":[{"href":"https:\/\/patrimoinepotton.org\/index.php?rest_route=\/wp\/v2\/pages"}],"about":[{"href":"https:\/\/patrimoinepotton.org\/index.php?rest_route=\/wp\/v2\/types\/page"}],"author":[{"embeddable":true,"href":"https:\/\/patrimoinepotton.org\/index.php?rest_route=\/wp\/v2\/users\/5"}],"replies":[{"embeddable":true,"href":"https:\/\/patrimoinepotton.org\/index.php?rest_route=%2Fwp%2Fv2%2Fcomments&post=3503"}],"version-history":[{"count":0,"href":"https:\/\/patrimoinepotton.org\/index.php?rest_route=\/wp\/v2\/pages\/3503\/revisions"}],"up":[{"embeddable":true,"href":"https:\/\/patrimoinepotton.org\/index.php?rest_route=\/wp\/v2\/pages\/2430"}],"wp:attachment":[{"href":"https:\/\/patrimoinepotton.org\/index.php?rest_route=%2Fwp%2Fv2%2Fmedia&parent=3503"}],"curies":[{"name":"wp","href":"https:\/\/api.w.org\/{rel}","templated":true}]}}