{"id":4830,"date":"2018-01-18T07:00:58","date_gmt":"2018-01-18T12:00:58","guid":{"rendered":"http:\/\/patrimoinepotton.org\/?page_id=4830"},"modified":"2023-04-12T06:49:46","modified_gmt":"2023-04-12T10:49:46","slug":"activites-hiver-2017","status":"publish","type":"page","link":"https:\/\/patrimoinepotton.org\/?page_id=4830","title":{"rendered":"Activit\u00e9s hiver 2018"},"content":{"rendered":"<h5 style=\"text-align: left;\">&nbsp;[Mise-\u00e0-jour : 25 f\u00e9vrier 2018]<\/h5>\n<table>\n<tbody>\n<tr>\n<td style=\"text-align: center; vertical-align: middle;\"><a href=\"https:\/\/patrimoinepotton.org\/?dl_id=124\"><img loading=\"lazy\" decoding=\"async\" class=\"alignnone\" src=\"https:\/\/patrimoinepotton.org\/images\/Telecharger.png\" alt=\"T\u00e9l\u00e9charger\" width=\"71\" height=\"81\"><\/a><\/td>\n<td style=\"text-align: center; vertical-align: top;\"><strong>D\u00e9couverte du patrimoine historique,<br \/>\npaysager et naturel de Potton<br \/>\nen raquette ou en ski de fond<br \/>\n(\u00e0 pied, s\u2019il n\u2019y a pas de neige)<\/strong><\/td>\n<td style=\"text-align: center; vertical-align: middle;\"><a href=\"https:\/\/www.google.com\/maps\/d\/edit?mid=zaHMXMLtc0ZY.kXw3Yyxbrwzk&amp;usp=sharing\"><img loading=\"lazy\" decoding=\"async\" width=\"74\" height=\"78\" class=\"aligncenter size-full wp-image-3887\" src=\"https:\/\/patrimoinepotton.org\/images\/Carte.png\" alt=\"Carte\"><\/a><\/td>\n<\/tr>\n<\/tbody>\n<\/table>\n<p style=\"text-align: left;\"><span style=\"color: #800000;\"><strong>Dimanche 25 mars, 10h<\/strong><\/span><br \/>\n<img decoding=\"async\" src=\"https:\/\/patrimoinepotton.org\/images\/aga.png\" alt=\"aga\"><br \/>\nTous les membres sont convi\u00e9s \u00e0 la 28<sup>e<\/sup>&nbsp;Assembl\u00e9e g\u00e9n\u00e9rale annuelle de l\u2019Association du patrimoine de Potton qui aura lieu le dimanche 25 mars 2018, \u00e0 10 h, \u00e0 l\u2019H\u00f4tel de ville de Mansonville. [ <a href=\"https:\/\/patrimoinepotton.org\/?page_id=6469\">Ordre du jour<\/a> ]<br \/>\nApr\u00e8s la tenue de l\u2019Assembl\u00e9e, vous \u00eates convi\u00e9s \u00e0 un repas \u00e0 la fortune du pot (<em>potluck<\/em>), vers 12h30. Chacun apporte un plat froid et la boisson de son choix.<br \/>\nJambon, saumon, fromages, th\u00e9 et caf\u00e9 seront gracieusement servis.<br \/>\nVeuillez confirmer votre pr\u00e9sence <strong>avant le 15 mars 2018<\/strong> | <a href=\"https:\/\/patrimoinepotton.org\/?page_id=4467\">R\u00e9servation en ligne<\/a>.<\/p>\n<p style=\"text-align: left;\"><span style=\"color: #800000;\"><strong>Jeudi 21 d\u00e9cembre 2017, 6h30<\/strong><\/span><br \/>\n<img decoding=\"async\" src=\"https:\/\/patrimoinepotton.org\/images\/panorama.png\" alt=\"raquettes\"><br \/>\nSolstice d\u2019hiver au sommet du mont&nbsp; Owl\u2019s Head.<br \/>\nGuide : Pierre Bastien. Rencontre au <a href=\"https:\/\/www.google.com\/maps?q=45.073717,-72.298019\">pied du t\u00e9l\u00e9si\u00e8ge<\/a> \u00e0 6h45 pr\u00e9cise. Prix du billet : 15$<br \/>\n<em>(Gratuit pour les d\u00e9tenteurs d\u2019un billet de jour ou d\u2019une passe de saison).<br \/>\n<\/em>Pr\u00e9voyez 6h30, si vous devez acheter un billet. D\u00e9jeuner-buffet&nbsp; \u00e0 8h. Prix : 15$ avec taxes. <a href=\"https:\/\/patrimoinepotton.org\/?page_id=5902\">R\u00e9servations en ligne avant le 19 d\u00e9cembre<\/a>. <em>Cette excursion d\u00e9pend des conditions m\u00e9t\u00e9o. <\/em><em>Consultez le <\/em><a href=\"https:\/\/patrimoinepotton.org\"><em>site web<\/em><\/a><em>, le 19 d\u00e9cembre, pour une confirmation ou une annulation.<\/em><\/p>\n<p style=\"text-align: left;\"><del><span style=\"color: #800000;\"><strong>Samedi 6 janvier, 12h <span style=\"font-size: 10pt;\">[Veuillez noter l\u2019horaire en apr\u00e8s-midi]<\/span><\/strong><\/span><\/del><br \/>\n<img decoding=\"async\" src=\"https:\/\/patrimoinepotton.org\/images\/raq.png\" alt=\"raquettes\">&nbsp; <strong><span style=\"color: #800000;\">ANNUL\u00c9E<\/span><\/strong><br \/>\n<del>Excursion facile \u00e0 interm\u00e9diaire en raquette dans un bois\u00e9 \u00e0 Saint-\u00c9tienne de Bolton.<\/del><br \/>\n<del> Rencontre&nbsp;au &nbsp;<a href=\"https:\/\/www.google.com\/maps?q=45.268187,-72.378129\">Stationnement du parc municipal<\/a> (rue du Parc).<\/del><br \/>\n<del> <em>Lunch vers 14h au Bistro Coop du Grand Bois, 12 rue Principale. Prix 13 $ plus les taxes. <\/em>L\u2019\u00e9tablissement d\u00e9tient un permis d\u2019alcool<\/del>.<\/p>\n<p style=\"text-align: left;\"><span style=\"color: #800000;\"><strong>Samedi 13 janvier, 12h <span style=\"font-size: 10pt;\">[Veuillez noter l\u2019horaire en apr\u00e8s-midi]<\/span><\/strong><\/span><br \/>\n<img decoding=\"async\" src=\"https:\/\/patrimoinepotton.org\/images\/raq.png\" alt=\"raquettes\"><br \/>\nExcursion facile \u00e0 interm\u00e9diaire en raquette &nbsp;dans un bois\u00e9.<br \/>\nRencontre au &nbsp;<a href=\"https:\/\/www.google.com\/maps?q=45.144220,-72.371583\">751, route de Mansonville<\/a>.<br \/>\n<em>Lunch vers 14h au restaurant-auberge<\/em> <em>Le Petit Randonneur<\/em>.<br \/>\nPrix du repas&nbsp;: 13 $ plus taxes. L\u2019\u00e9tablissement d\u00e9tient un permis&nbsp; d\u2019alcool.<br \/>\n<a href=\"https:\/\/patrimoinepotton.org\/?page_id=5902\">R\u00e9servations en ligne<\/a> <em>(max. 40 personnes)<\/em>.<\/p>\n<p style=\"text-align: left;\"><span style=\"color: #800000;\"><strong>Samedi 20 janvier, 13h30 <span style=\"font-size: 10pt;\">[Veuillez noter l\u2019heure en apr\u00e8s-midi]<\/span><\/strong><\/span><br \/>\n<img decoding=\"async\" src=\"https:\/\/patrimoinepotton.org\/images\/raq.png\" alt=\"raquettes\"><br \/>\nExcursion facile en raquette dans la r\u00e9serve naturelle &nbsp;entre les monts Sugar Loaf et \u00c9l\u00e9phant. Rencontre au &nbsp;<a href=\"https:\/\/www.google.com\/maps?q=45.125952,-72.330576\">50, chemin Hilmar Krausser<\/a>.<br \/>\nActivit\u00e9 \u00e0 saveur \u00e9cossaise en l&rsquo;honneur du po\u00e8te Robbie Burns.<br \/>\nH\u00f4tes : Diane et Michael, 450-292-4432 <em>(max. 35 personnes).<\/em><\/p>\n<p style=\"text-align: left;\"><span style=\"color: #800000;\"><strong>Samedi 27 janvier, 10h<\/strong><\/span><br \/>\n<img decoding=\"async\" src=\"https:\/\/patrimoinepotton.org\/images\/raq.png\" alt=\"raquettes\"><br \/>\nExcursion facile \u00e0 interm\u00e9diaire en raquette au mont Bear.<br \/>\nRencontre&nbsp;au &nbsp;<a href=\"https:\/\/www.google.com\/maps?q=45.038328,-72.297856\">15, chemin Maurice-C\u00f4t\u00e9<\/a><br \/>\nCo-voiturage pour l\u2019excursion au 41, chemin du Mont Bear chez Danielle et Peter.<br \/>\n<em>Lunch au 15 chemin Maurice-C\u00f4t\u00e9.<br \/>\n<\/em>H\u00f4tes : Fiona et David 450-292-0797 <em>(max. 30 personnes)<\/em>.<\/p>\n<p style=\"text-align: left;\"><del><span style=\"color: #800000;\"><strong>Samedi 3 f\u00e9vrier, 10h<\/strong><\/span><\/del><br \/>\n<img decoding=\"async\" src=\"https:\/\/patrimoinepotton.org\/images\/raq.png\" alt=\"raquettes\"><span style=\"color: #800000;\"><strong>ANNUL\u00c9E<\/strong><\/span><br \/>\n<del>Excursion sur les pentes du Mont \u00c9l\u00e9phant. Niveau de difficult\u00e9 et distance au choix.<\/del><br \/>\n<del> Rencontre au &nbsp;<a href=\"https:\/\/www.google.com\/maps?q=45.103949,%20-72.303876\">387, chemin du Lac<\/a>.<\/del><br \/>\n<del> H\u00f4tes : H\u00e9l\u00e8ne et Gilles&nbsp; 450-292-4479 <em>(max. 28 personnes)<\/em>.<\/del><\/p>\n<p style=\"text-align: left;\"><span style=\"color: #800000;\"><strong>Samedi 10 f\u00e9vrier, 10h<\/strong><\/span><br \/>\n<img decoding=\"async\" src=\"https:\/\/patrimoinepotton.org\/images\/raq.png\" alt=\"raquettes\"><br \/>\nExcursion facile en raquette &nbsp;dans un bois\u00e9. Rencontre au &nbsp;<a href=\"https:\/\/www.google.com\/maps?q=45.0422549,-72.3670337\">418, chemin Leadville<\/a>.<br \/>\nH\u00f4tes : B\u00e9atrice et Karsten 450-292-6872 <em>(max. 30 personnes)<\/em>.<\/p>\n<p style=\"text-align: left;\"><span style=\"color: #800000;\"><strong>Samedi 17 f\u00e9vrier, 10h<\/strong><\/span><br \/>\n<img decoding=\"async\" src=\"https:\/\/patrimoinepotton.org\/images\/raq.png\" alt=\"raquettes\"><img decoding=\"async\" src=\"https:\/\/patrimoinepotton.org\/images\/marche_1.png\" alt=\"marche\"><br \/>\nMarche sur la route ou excursion facile en raquette sur les sentiers du terrain de golf.<br \/>\nRencontre&nbsp;au &nbsp;<a href=\"https:\/\/www.google.com\/maps?q=45.0693746,-72.3095931\">181, chemin Owl\u2019s Head<\/a>.<br \/>\nH\u00f4tes : \u00c9dith et Christian, 450-292-0547 (<em>max. 30 personnes<\/em>).<\/p>\n<p style=\"text-align: left;\"><span style=\"color: #800000;\"><strong>Samedi 24 F\u00e9vrier, 12h <span style=\"font-size: 10pt;\">[Veuillez noter l\u2019horaire en apr\u00e8s-midi]<\/span><\/strong><\/span><br \/>\n<img decoding=\"async\" src=\"https:\/\/patrimoinepotton.org\/images\/raq.png\" alt=\"raquettes\"><br \/>\nExcursion facile en raquette le long de la rivi\u00e8re Missisquoi. Visite guid\u00e9e par Catherine Gagnieux du sanctuaire pour les animaux de ferme de l\u2019Estrie. Rencontre au &nbsp;<a href=\"https:\/\/www.google.com\/maps?q=45.090661,%20-72.395723\">508, route de Mansonville<\/a>.<br \/>\n<em>Lunch vers 14h au Bistro Chouette, 304, rue Principale. <\/em>L\u2019\u00e9tablissement d\u00e9tient un permis d\u2019alcool.<br \/>\n<a href=\"https:\/\/patrimoinepotton.org\/?page_id=5902\">R\u00e9servations en ligne<\/a> <em>(max. 25 personnes).<\/em><\/p>\n<p><strong>Remarques<\/strong><\/p>\n<ul>\n<li>Les excursions sont gratuites pour les membres de l\u2019Association,<br \/>\nmais il y a des <span style=\"text-decoration: underline;\">frais de 5 $ pour les non-membres<\/span>.<\/li>\n<li>Les excursions sont annul\u00e9es si les conditions m\u00e9t\u00e9o ne permettent pas de sortir.<\/li>\n<li>Une contribution de <span style=\"text-decoration: underline;\">10 $ par personne<\/span> (membre ou non) est requise de ceux qui participent au lunch apr\u00e8s les excursions, pour d\u00e9dommager les h\u00f4tes.<\/li>\n<li>Il faut r\u00e9server lorsque le lunch a lieu dans une maison priv\u00e9e, en raison du nombre de places limit\u00e9. Si vous devez annuler, faites-le au moins 2 jours \u00e0 l\u2019avance, par courtoisie pour les h\u00f4tes et pour laisser la place \u00e0 d\u2019autres, sans quoi <span style=\"text-decoration: underline;\">vous serez tenus de payer votre part<\/span><strong>.<\/strong><\/li>\n<\/ul>\n<p>Pour tout renseignement suppl\u00e9mentaire :<\/p>\n<p><img loading=\"lazy\" decoding=\"async\" class=\"alignleft size-full wp-image-3881\" src=\"https:\/\/patrimoinepotton.org\/blogue\/wp-content\/uploads\/2015\/11\/information.png\" alt=\"information\" width=\"32\" height=\"37\">Carol Bishop : 514-481-6279<br \/>\nJanine Sourdif : 450-292-3780<br \/>\n<a href=\"mailto:info@patrimoinepotton.org\">info@patrimoinepotton.org<\/a><\/p>\n<table>\n<tbody>\n<tr>\n<td style=\"text-align: center;\"><a href=\"https:\/\/paytrimoinepotton.org\/?dl_id=124\"><img loading=\"lazy\" decoding=\"async\" class=\"alignnone\" src=\"https:\/\/patrimoinepotton.org\/images\/Download.png\" alt=\"Telecharger\" width=\"71\" height=\"81\"><\/a><\/td>\n<td style=\"text-align: center; vertical-align: middle;\">[print_link]<\/td>\n<td style=\"text-align: center;\"><a href=\"https:\/\/www.google.com\/maps\/d\/edit?mid=zaHMXMLtc0ZY.kXw3Yyxbrwzk&amp;usp=sharing\"><img decoding=\"async\" src=\"https:\/\/patrimoinepotton.org\/images\/Carte.png\" alt=\"Map\"><\/a><\/td>\n<\/tr>\n<\/tbody>\n<\/table>\n<p style=\"text-align: right;\"><span style=\"font-size: 8pt;\">Source des ic\u00f4nes <\/span><img loading=\"lazy\" decoding=\"async\" class=\"size-full wp-image-3882 alignright\" src=\"https:\/\/patrimoinepotton.org\/blogue\/wp-content\/uploads\/2015\/11\/miclogo-88x31.gif\" alt=\"miclogo-88x31\" width=\"88\" height=\"31\"><\/p>\n","protected":false},"excerpt":{"rendered":"<p>&nbsp;[Mise-\u00e0-jour : 25 f\u00e9vrier 2018] D\u00e9couverte du patrimoine historique, paysager et naturel de Potton en raquette ou en ski de fond (\u00e0 pied, s\u2019il n\u2019y a pas de neige) Dimanche 25 mars, 10h Tous les membres sont convi\u00e9s \u00e0 la 28e&nbsp;Assembl\u00e9e g\u00e9n\u00e9rale annuelle de l\u2019Association du patrimoine de Potton qui aura lieu le dimanche 25 [&hellip;]<\/p>\n","protected":false},"author":5,"featured_media":0,"parent":329,"menu_order":9,"comment_status":"closed","ping_status":"closed","template":"","meta":{"ngg_post_thumbnail":0,"_mc_calendar":[],"footnotes":""},"class_list":["post-4830","page","type-page","status-publish","hentry"],"_links":{"self":[{"href":"https:\/\/patrimoinepotton.org\/index.php?rest_route=\/wp\/v2\/pages\/4830","targetHints":{"allow":["GET"]}}],"collection":[{"href":"https:\/\/patrimoinepotton.org\/index.php?rest_route=\/wp\/v2\/pages"}],"about":[{"href":"https:\/\/patrimoinepotton.org\/index.php?rest_route=\/wp\/v2\/types\/page"}],"author":[{"embeddable":true,"href":"https:\/\/patrimoinepotton.org\/index.php?rest_route=\/wp\/v2\/users\/5"}],"replies":[{"embeddable":true,"href":"https:\/\/patrimoinepotton.org\/index.php?rest_route=%2Fwp%2Fv2%2Fcomments&post=4830"}],"version-history":[{"count":0,"href":"https:\/\/patrimoinepotton.org\/index.php?rest_route=\/wp\/v2\/pages\/4830\/revisions"}],"up":[{"embeddable":true,"href":"https:\/\/patrimoinepotton.org\/index.php?rest_route=\/wp\/v2\/pages\/329"}],"wp:attachment":[{"href":"https:\/\/patrimoinepotton.org\/index.php?rest_route=%2Fwp%2Fv2%2Fmedia&parent=4830"}],"curies":[{"name":"wp","href":"https:\/\/api.w.org\/{rel}","templated":true}]}}