{"id":6509,"date":"2018-05-10T07:30:31","date_gmt":"2018-05-10T11:30:31","guid":{"rendered":"https:\/\/patrimoinepotton.org\/?page_id=6509"},"modified":"2023-04-12T11:49:57","modified_gmt":"2023-04-12T15:49:57","slug":"concours-photo-2018","status":"publish","type":"page","link":"https:\/\/patrimoinepotton.org\/?page_id=6509","title":{"rendered":"Concours photo 2018"},"content":{"rendered":"<p style=\"text-align: center;\">Le concours de photographie&nbsp;2018 de l\u2019Association du patrimoine de Potton<br \/>\nse tient \u00e0 l\u2019occasion du Festival annuel de Potton<br \/>\nqui se d\u00e9roule le 11 ao\u00fbt 2018.<\/p>\n<p style=\"text-align: center;\">Le th\u00e8me de 2018&nbsp;: <em>L\u2019eau \u00e0 Potton<\/em><\/p>\n<p><img loading=\"lazy\" decoding=\"async\" class=\"aligncenter size-full wp-image-6510\" src=\"https:\/\/patrimoinepotton.org\/blogue\/wp-content\/uploads\/2018\/05\/Concours_Photo_2018.jpg\" alt=\"\" width=\"2126\" height=\"1525\" srcset=\"https:\/\/patrimoinepotton.org\/blogue\/wp-content\/uploads\/2018\/05\/Concours_Photo_2018.jpg 2126w, https:\/\/patrimoinepotton.org\/blogue\/wp-content\/uploads\/2018\/05\/Concours_Photo_2018-300x215.jpg 300w, https:\/\/patrimoinepotton.org\/blogue\/wp-content\/uploads\/2018\/05\/Concours_Photo_2018-768x551.jpg 768w, https:\/\/patrimoinepotton.org\/blogue\/wp-content\/uploads\/2018\/05\/Concours_Photo_2018-1024x735.jpg 1024w\" sizes=\"auto, (max-width: 2126px) 100vw, 2126px\" \/><\/p>\n<p style=\"text-align: center;\"><span style=\"color: #3366bb;\"><strong>Photographiez l\u2019eau \u00e0 Potton<\/strong><\/span><\/p>\n<p style=\"text-align: center;\"><span style=\"color: #3366bb;\"><strong>&nbsp;<\/strong><strong>\u00c9tang | Lac | Rivi\u00e8re | Ruisseau<\/strong><\/span><\/p>\n<p style=\"text-align: center;\"><span style=\"color: #3366bb;\"><strong>&nbsp;<\/strong><strong>\u2026 le choix est vaste \u2026<\/strong><\/span><\/p>\n<p style=\"text-align: center;\">Aux fins du concours, toutes les photos, en format imprim\u00e9, doivent \u00eatre post\u00e9es<br \/>\n\u00e0 l\u2019Association du Patrimoine de Potton, C.P.&nbsp;262, Mansonville, Qu\u00e9bec J0E 1X0<\/p>\n<p style=\"text-align: center;\">ou remises \u00e0<\/p>\n<p style=\"text-align: center;\">Robert Joli, 282 chemin Leadville, Mansonville, Qu\u00e9bec J0E 1X0 [450-292-0569]<br \/>\nau plus tard une (1) semaine avant le FMP,<br \/>\n<span style=\"color: #800000;\"><strong>soit le 3 ao\u00fbt 2018<\/strong><\/span>.<\/p>\n<p style=\"text-align: center;\"><a href=\"https:\/\/patrimoinepotton.org\/?page_id=1870\">Liste chronologique des photos soumises sur le Web<\/a><\/p>\n<p style=\"text-align: center;\"><strong>Politique adopt\u00e9e par le CA de l\u2019Association<\/strong><\/p>\n<ul>\n<li>Le concours est ouvert \u00e0 tous, habitant ou non le canton de Potton. Les membres du conseil d\u2019administration de l\u2019Association du patrimoine, leurs conjoints et leurs enfants peuvent participer, vu la valeur symbolique des prix.<\/li>\n<li>Les photos doivent avoir \u00e9t\u00e9 prises dans le Canton de Potton.<\/li>\n<li>Un candidat ne peut soumettre qu\u2019un maximum de cinq (5) photographies, en format imprim\u00e9. Toutefois, l\u2019espace pour la pr\u00e9sentation des \u0153uvres \u00e9tant limit\u00e9, l\u2019Association se r\u00e9serve le droit de r\u00e9duire le nombre d\u2019\u0153uvres expos\u00e9es par chaque participant. Dans un tel cas, l\u2019Association demande aux auteurs de choisir et <strong>d\u2019identifier<\/strong> la photographie qui est pr\u00e9sent\u00e9e au public du Festival.<\/li>\n<li><strong>Les photos doivent \u00eatre imprim\u00e9es sur papier photo<\/strong> et remises dans un format de 8\u2019\u2019 x&nbsp;10\u2019\u2019 ou de 8\u2019\u2019 x&nbsp;12\u2019\u2019 et peuvent \u00eatre en couleurs ou en noir et blanc.<\/li>\n<li>Au dos de chaque photo, le candidat doit inscrire \u00e0 quel endroit la photo a \u00e9t\u00e9 prise (adresse) ainsi que ses nom, num\u00e9ro de t\u00e9l\u00e9phone, courriel et adresse postale. Si vous connaissez le ou les propri\u00e9taires, l\u2019histoire et l\u2019architecture du lieu, joignez ces informations en annexe.<\/li>\n<li>Aux fins du concours, toutes les photos, en format imprim\u00e9, doivent \u00eatre post\u00e9es \u00e0 l\u2019Association du Patrimoine de Potton, C.P.&nbsp;262, Mansonville, Qu\u00e9bec J0E 1X0 ou remises \u00e0 Robert Joli, 282 chemin Leadville, Mansonville, Qu\u00e9bec J0E 1X0 [450-292-0569] au plus tard une (1) semaine avant le Festival, <strong>date d\u2019\u00e9ch\u00e9ance respect\u00e9e, <\/strong>&nbsp;soit le 3 ao\u00fbt 2018.<\/li>\n<li>Les photos imprim\u00e9es peuvent \u00eatre r\u00e9cup\u00e9r\u00e9es apr\u00e8s le concours sur simple demande \u00e0 Robert Joli.<\/li>\n<li>L\u2019Association souhaite recevoir \u00e9galement les photographies num\u00e9ris\u00e9es au format JPG et ne d\u00e9passant pas 2&nbsp;Mo, afin de les publier sur son site Web.<\/li>\n<li>Ces photos doivent \u00eatre envoy\u00e9es \u00e0 l\u2019adresse courriel suivante&nbsp;:<br \/>\n<a href=\"mailto:concoursphoto@patrimoinepotton.org\">concoursphoto@patrimoinepotton.org<\/a> ou remises sur une cl\u00e9 USB \u00e0 Robert Joli. Elles doivent \u00eatre accompagn\u00e9es des m\u00eames informations que celles exig\u00e9es ci-dessus. Veuillez noter cependant que pour participer au concours vous devez soumettre les photos en format imprim\u00e9. Le format num\u00e9rique \u00e9tant facultatif.<\/li>\n<li>Le public du Festival choisit par vote secret les trois (3) photos gagnantes.<\/li>\n<li>Les gagnants verront leur photo lamin\u00e9e gratuitement en vue d\u2019une exposition \u00e0 l\u2019automne&nbsp;2018 \u00e0 la biblioth\u00e8que municipale.<\/li>\n<li>En soumettant une photographie au concours, le candidat autorise automatiquement l\u2019Association du patrimoine de Potton \u00e0 l\u2019utiliser pour son site web, ses publications et ses expositions \u00e0 la condition que l\u2019auteur de la photo soit clairement identifi\u00e9. Aucune r\u00e9mun\u00e9ration ne sera vers\u00e9e \u00e0 l\u2019auteur pour une telle utilisation.<\/li>\n<\/ul>\n<p>Association du patrimoine de Potton<br \/>\n25 juin 2018<\/p>\n<table>\n<tbody>\n<tr>\n<td>[print_link]<\/td>\n<td style=\"text-align: right;\"><img decoding=\"async\" src=\"https:\/\/patrimoinepotton.org\/blogue\/wp-content\/plugins\/wp-downloadmanager\/images\/ext\/pdf.gif\" alt=\"\" title=\"\" style=\"vertical-align: upper\" \/>&nbsp;&nbsp;<a href=\"https:\/\/patrimoinepotton.org\/?dl_id=130\">Concours de photographie | 2018<\/a>&nbsp;&nbsp;<span style=\"font-size: x-small\">{259,5 Ko}<\/span><\/td>\n<\/tr>\n<\/tbody>\n<\/table>\n","protected":false},"excerpt":{"rendered":"<p>Le concours de photographie&nbsp;2018 de l\u2019Association du patrimoine de Potton se tient \u00e0 l\u2019occasion du Festival annuel de Potton qui se d\u00e9roule le 11 ao\u00fbt 2018. Le th\u00e8me de 2018&nbsp;: L\u2019eau \u00e0 Potton Photographiez l\u2019eau \u00e0 Potton &nbsp;\u00c9tang | Lac | Rivi\u00e8re | Ruisseau &nbsp;\u2026 le choix est vaste \u2026 Aux fins du concours, toutes [&hellip;]<\/p>\n","protected":false},"author":5,"featured_media":0,"parent":1870,"menu_order":18,"comment_status":"closed","ping_status":"closed","template":"","meta":{"ngg_post_thumbnail":0,"_mc_calendar":[],"footnotes":""},"class_list":["post-6509","page","type-page","status-publish","hentry"],"_links":{"self":[{"href":"https:\/\/patrimoinepotton.org\/index.php?rest_route=\/wp\/v2\/pages\/6509","targetHints":{"allow":["GET"]}}],"collection":[{"href":"https:\/\/patrimoinepotton.org\/index.php?rest_route=\/wp\/v2\/pages"}],"about":[{"href":"https:\/\/patrimoinepotton.org\/index.php?rest_route=\/wp\/v2\/types\/page"}],"author":[{"embeddable":true,"href":"https:\/\/patrimoinepotton.org\/index.php?rest_route=\/wp\/v2\/users\/5"}],"replies":[{"embeddable":true,"href":"https:\/\/patrimoinepotton.org\/index.php?rest_route=%2Fwp%2Fv2%2Fcomments&post=6509"}],"version-history":[{"count":0,"href":"https:\/\/patrimoinepotton.org\/index.php?rest_route=\/wp\/v2\/pages\/6509\/revisions"}],"up":[{"embeddable":true,"href":"https:\/\/patrimoinepotton.org\/index.php?rest_route=\/wp\/v2\/pages\/1870"}],"wp:attachment":[{"href":"https:\/\/patrimoinepotton.org\/index.php?rest_route=%2Fwp%2Fv2%2Fmedia&parent=6509"}],"curies":[{"name":"wp","href":"https:\/\/api.w.org\/{rel}","templated":true}]}}