{"id":891,"date":"2011-01-28T06:44:45","date_gmt":"2011-01-28T11:44:45","guid":{"rendered":"http:\/\/patrimoinepotton.org\/?page_id=891"},"modified":"2023-07-26T16:55:53","modified_gmt":"2023-07-26T20:55:53","slug":"nouveaux-secrets-de-potton-springs-reveles","status":"publish","type":"page","link":"https:\/\/patrimoinepotton.org\/?page_id=891","title":{"rendered":"Nouveaux secrets de Potton Springs r\u00e9v\u00e9l\u00e9s"},"content":{"rendered":"<p><em>Article soumis par G\u00e9rard Leduc en janvier 2011<\/em><\/p>\n<p>Depuis la d\u00e9couverte des sources sulfureuses par Nathan Banfil en 1828, le site de Potton Springs situ\u00e9 dans le canton de Potton ne cesse de fasciner. En 1998, la Fondation Poorna Jnana Yoga s\u2019y \u00e9tablit et commence \u00e0 y am\u00e9nager un centre de sant\u00e9 et de ressourcement spirituel. Il y a plus de dix ans, j\u2019entreprenais des recherches non seulement sur l\u2019historique du site, mais aussi sur son arch\u00e9ologie. De tous les gens qui ont fr\u00e9quent\u00e9 Potton Springs depuis 1828, y en a-t-il qui ont observ\u00e9 des alignements de pierre orient\u00e9s vers les couchers du soleil aux solstices d\u2019hiver et d\u2019\u00e9t\u00e9? C\u2019est possible, mais on n\u2019en sait rien.<\/p>\n<p>L\u2019automne dernier, j\u2019y ai d\u00e9couvert un site arch\u00e9oastronomique, c\u2019est-\u00e0-dire un site arch\u00e9ologique li\u00e9 \u00e0 l\u2019astronomie de l\u2019endroit, o\u00f9 les structures d\u2019origine humaine permettent de suivre le d\u00e9placement des astres. Je viens de confirmer cela par photos lors du dernier solstice d\u2019hiver du 21 d\u00e9cembre au 6 janvier.<\/p>\n<figure id=\"attachment_897\" aria-describedby=\"caption-attachment-897\" style=\"width: 225px\" class=\"wp-caption alignright\"><a href=\"https:\/\/patrimoinepotton.org\/blogue\/wp-content\/uploads\/2011\/01\/PottonSpring_GL_3.jpg\"><img loading=\"lazy\" decoding=\"async\" class=\"size-medium wp-image-897\" title=\"PottonSpring_GL_3\" src=\"https:\/\/patrimoinepotton.org\/blogue\/wp-content\/uploads\/2011\/01\/PottonSpring_GL_3-225x300.jpg\" alt=\"Pointeur de pierre au pied de la source\" width=\"225\" height=\"300\" srcset=\"https:\/\/patrimoinepotton.org\/blogue\/wp-content\/uploads\/2011\/01\/PottonSpring_GL_3-225x300.jpg 225w, https:\/\/patrimoinepotton.org\/blogue\/wp-content\/uploads\/2011\/01\/PottonSpring_GL_3.jpg 768w\" sizes=\"auto, (max-width: 225px) 100vw, 225px\" \/><\/a><figcaption id=\"caption-attachment-897\" class=\"wp-caption-text\">Pointeur de pierre au pied de la source<\/figcaption><\/figure>\n<p>Une pente raide nous am\u00e8ne \u00e0 la source sulfureuse situ\u00e9e \u00e0 flanc de montagne, au pied du mont Peeve. Au sommet des derni\u00e8res marches de pierre taill\u00e9e, une large dalle, fa\u00e7onn\u00e9e de main d\u2019homme en forme de pointeur, lance un signal; elle mesure 1,4 m de longueur par 60 cm de largeur. \u00c0 partir de ce rep\u00e8re, en regardant vers le sud en direction des monts Sutton, on aper\u00e7oit plus bas, dans la for\u00eat, une grosse pierre mesurant environ 1,40 m d\u2019envergure. Ce bloc et le pointeur pr\u00e8s de la source forment un alignement qui permet de pr\u00e9dire la position exacte du soleil couchant sur l\u2019horizon au solstice d\u2019hiver. La photo prise \u00e0 ce moment pr\u00e9cis le d\u00e9montre.<\/p>\n<figure id=\"attachment_953\" aria-describedby=\"caption-attachment-953\" style=\"width: 640px\" class=\"wp-caption aligncenter\"><a href=\"https:\/\/patrimoinepotton.org\/blogue\/wp-content\/uploads\/2011\/01\/PottonSpring_GL_4.jpg\"><img loading=\"lazy\" decoding=\"async\" class=\"size-large wp-image-953\" title=\"PottonSpring_GL_4\" src=\"https:\/\/patrimoinepotton.org\/blogue\/wp-content\/uploads\/2011\/01\/PottonSpring_GL_4-898x1024.jpg\" alt=\"Alignement du coucher du soleil au solstice d'hiver\" width=\"640\" height=\"729\" srcset=\"https:\/\/patrimoinepotton.org\/blogue\/wp-content\/uploads\/2011\/01\/PottonSpring_GL_4-898x1024.jpg 898w, https:\/\/patrimoinepotton.org\/blogue\/wp-content\/uploads\/2011\/01\/PottonSpring_GL_4-263x300.jpg 263w, https:\/\/patrimoinepotton.org\/blogue\/wp-content\/uploads\/2011\/01\/PottonSpring_GL_4.jpg 1154w\" sizes=\"auto, (max-width: 640px) 100vw, 640px\" \/><\/a><figcaption id=\"caption-attachment-953\" class=\"wp-caption-text\">Alignement du coucher du soleil au solstice d&rsquo;hiver<\/figcaption><\/figure>\n<figure id=\"attachment_900\" aria-describedby=\"caption-attachment-900\" style=\"width: 300px\" class=\"wp-caption alignright\"><a href=\"https:\/\/patrimoinepotton.org\/blogue\/wp-content\/uploads\/2011\/01\/PottonSpring_GL_2.jpg\"><img loading=\"lazy\" decoding=\"async\" class=\"size-medium wp-image-900\" title=\"PottonSpring_GL_2\" src=\"https:\/\/patrimoinepotton.org\/blogue\/wp-content\/uploads\/2011\/01\/PottonSpring_GL_2-300x225.jpg\" alt=\"\" width=\"300\" height=\"225\" srcset=\"https:\/\/patrimoinepotton.org\/blogue\/wp-content\/uploads\/2011\/01\/PottonSpring_GL_2-300x225.jpg 300w, https:\/\/patrimoinepotton.org\/blogue\/wp-content\/uploads\/2011\/01\/PottonSpring_GL_2.jpg 1024w\" sizes=\"auto, (max-width: 300px) 100vw, 300px\" \/><\/a><figcaption id=\"caption-attachment-900\" class=\"wp-caption-text\">Rep\u00e8re sur l&rsquo;alignement du coucher du soleil<\/figcaption><\/figure>\n<p>Cette position se mesure par l\u2019azimut sur une boussole, soit le nombre de degr\u00e9s par rapport au nord (0 degr\u00e9) sur une circonf\u00e9rence imaginaire de 360 degr\u00e9s; la lecture est corrig\u00e9e pour la d\u00e9clinaison magn\u00e9tique. Or, cet azimut varie selon l\u2019altitude de l\u2019horizon. Au niveau de la mer,&nbsp;soit un horizon d\u2019altitude z\u00e9ro, c\u2019est <strong>l\u2019azimut th\u00e9orique<\/strong>. Ici, en montagne, le soleil dispara\u00eet avant d\u2019avoir atteint l\u2019altitude z\u00e9ro. C\u2019est <strong>l\u2019azimut r\u00e9el<\/strong> du coucher du soleil qui est visible de la source&nbsp;\u00e0&nbsp;232\u00ba; l\u2019azimut th\u00e9orique serait de 237\u00ba.<\/p>\n<p>Cet alignement \u00e0 Potton Springs est-il une co\u00efncidence de la nature? Non, pour deux raisons! D\u2019abord, le pointeur de pierre est de facture humaine; il manifeste donc l\u2019intention de la part des auteurs du site d\u2019observer l\u2019horizon \u00e0 un moment pr\u00e9cis.<\/p>\n<p>Deuxi\u00e8mement, en plus d\u2019indiquer la position du soleil couchant, les anciens ont am\u00e9nag\u00e9 un deuxi\u00e8me alignement qui indique <strong>l\u2019azimut th\u00e9orique<\/strong> du soleil couchant au solstice d\u2019hiver. En effet, au pied des marches de pierre qui conduisent \u00e0 la source, un autre gros bloc de pierre fut plac\u00e9 de fa\u00e7on \u00e0 donner, \u00e0 partir du pointeur, le degr\u00e9 d\u2019azimut du coucher du soleil sur un horizon d\u2019altitude z\u00e9ro. L\u2019azimut mesur\u00e9 est 239\u00ba soit deux degr\u00e9s de plus que le chiffre pr\u00e9vu de 237\u00ba dans les tables d\u2019astronomie. Je reconnais qu\u2019un appareil de mesure d\u2019orientation plus pr\u00e9cis que ma boussole minimiserait l\u2019erreur.<\/p>\n<p><strong>\u00c9pilogue<\/strong><\/p>\n<p>Dans les limites d\u2019erreur de l&rsquo;observation sur le terrain en hiver, j\u2019ai acquis la conviction que les alignements d\u00e9crits ici confirment bien que des hommes, f\u00e9rus d\u2019astronomie, ont am\u00e9nag\u00e9 ce site il y a tr\u00e8s longtemps. Ils l\u2019ont fait non seulement pour observer le soleil au temps du solstice d\u2019hiver, mais aussi pour laisser un t\u00e9moignage concret de leurs connaissances&nbsp;sur le&nbsp;cosmos. Dans ce cas pr\u00e9cis, elles d\u00e9montrent la diff\u00e9rence entre les azimuts r\u00e9el et th\u00e9orique du coucher du soleil. D\u2019autres donn\u00e9es g\u00e9od\u00e9siques pouvaient aussi \u00eatre obtenues sur cet observatoire d&rsquo;astronomie.<\/p>\n<p>Les connaissances&nbsp;sur le&nbsp;cosmos remontent tr\u00e8s loin dans l\u2019histoire de l\u2019humanit\u00e9. Par exemple, en France, l\u2019arch\u00e9ologue Chantal J\u00e8gues-Wolkiewiev a observ\u00e9, dans des grottes occup\u00e9es il y a plus de 35&nbsp;000 ans, des alignements arch\u00e9oastronomiques cibl\u00e9s sur le soleil, la lune et les constellations. Ces d\u00e9couvertes sont illustr\u00e9es dans un film fascinant, <em>Lascaux&nbsp;: le ciel des premiers hommes. <\/em><\/p>\n<p>Le site de Potton Springs justifie des recherches plus pouss\u00e9es, car les abords de la source sulfureuse \u00e9taient certainement, dans des temps tr\u00e8s \u00e9loign\u00e9s, un haut lieu d\u2019astronomie et de spiritualit\u00e9. Ce n\u2019est pas le premier site arch\u00e9oastronomique d\u00e9couvert dans Potton. Qui a \u00e9rig\u00e9 ces sites? Vraisemblablement, des constructeurs de pierre d\u2019une culture avanc\u00e9e qui ont laiss\u00e9 ici d\u2019innombrables vestiges, dont certains&nbsp;remontent \u00e0&nbsp;1800 ans avant aujourd\u2019hui.<\/p>\n<p><em>Article soumis par G\u00e9rard Leduc en janvier 2011<\/em><\/p>\n<p>&nbsp;<\/p>\n","protected":false},"excerpt":{"rendered":"<p>Article soumis par G\u00e9rard Leduc en janvier 2011 Depuis la d\u00e9couverte des sources sulfureuses par Nathan Banfil en 1828, le site de Potton Springs situ\u00e9 dans le canton de Potton ne cesse de fasciner. En 1998, la Fondation Poorna Jnana Yoga s\u2019y \u00e9tablit et commence \u00e0 y am\u00e9nager un centre de sant\u00e9 et de ressourcement [&hellip;]<\/p>\n","protected":false},"author":5,"featured_media":0,"parent":427,"menu_order":1,"comment_status":"closed","ping_status":"closed","template":"","meta":{"ngg_post_thumbnail":0,"_mc_calendar":[],"footnotes":""},"class_list":["post-891","page","type-page","status-publish","hentry"],"_links":{"self":[{"href":"https:\/\/patrimoinepotton.org\/index.php?rest_route=\/wp\/v2\/pages\/891","targetHints":{"allow":["GET"]}}],"collection":[{"href":"https:\/\/patrimoinepotton.org\/index.php?rest_route=\/wp\/v2\/pages"}],"about":[{"href":"https:\/\/patrimoinepotton.org\/index.php?rest_route=\/wp\/v2\/types\/page"}],"author":[{"embeddable":true,"href":"https:\/\/patrimoinepotton.org\/index.php?rest_route=\/wp\/v2\/users\/5"}],"replies":[{"embeddable":true,"href":"https:\/\/patrimoinepotton.org\/index.php?rest_route=%2Fwp%2Fv2%2Fcomments&post=891"}],"version-history":[{"count":0,"href":"https:\/\/patrimoinepotton.org\/index.php?rest_route=\/wp\/v2\/pages\/891\/revisions"}],"up":[{"embeddable":true,"href":"https:\/\/patrimoinepotton.org\/index.php?rest_route=\/wp\/v2\/pages\/427"}],"wp:attachment":[{"href":"https:\/\/patrimoinepotton.org\/index.php?rest_route=%2Fwp%2Fv2%2Fmedia&parent=891"}],"curies":[{"name":"wp","href":"https:\/\/api.w.org\/{rel}","templated":true}]}}